 16?
201d0c
Convert -11002102211 (base 3) to base 6.
-1420421
What is 3b10643 (base 12) in base 10?
11716755
1321100100 (base 4) to base 11
30a166
Convert -1066601 (base 7) to base 13.
-49241
What is 66101 (base 12) in base 13?
49552
Convert 769997 (base 10) to base 5.
144114442
-c1db (base 16) to base 12
-24877
Convert 12011012112122 (base 3) to base 11.
1601649
What is a9472 (base 12) in base 3?
102100200112
-21211112110 (base 3) to base 15
-30a59
Convert -13132001 (base 5) to base 6.
-2443003
What is a12ac (base 16) in base 2?
10100001001010101100
What is -11091749 (base 10) in base 6?
-1033422405
Convert -a1b848 (base 13) to base 8.
-16275436
What is 116463022 (base 7) in base 12?
2579071
What is -74155 (base 12) in base 11?
-a4450
Convert -12504163 (base 7) to base 2.
-100010111011000010110
What is 1007 (base 16) in base 5?
112403
What is 202022123102 (base 4) in base 7?
136056425
20020011 (base 4) to base 13
121c5
What is -220460 (base 7) in base 4?
-21123332
What is 10010110110110110011 (base 2) in base 10?
617907
-2a9257 (base 12) to base 11
-452712
Convert 103223322303 (base 4) to base 8.
23537263
-2330423 (base 8) to base 2
-10011011000100010011
-754a6 (base 11) to base 3
-12120112112
What is b79551 (base 13) in base 8?
20327702
Convert -7bb7 (base 15) to base 13.
-bc5c
Convert 2234402 (base 6) to base 9.
183042
Convert 860270 (base 15) to base 6.
344421453
What is 10111010001011 (base 2) in base 6?
131055
143621 (base 7) to base 11
19937
Convert -82687 (base 12) to base 6.
-3352251
Convert 326a31 (base 12) to base 14.
16b697
What is 12220002110222 (base 3) in base 10?
3131405
Convert 100110111001100110 (base 2) to base 9.
262507
What is 32a15d (base 15) in base 4?
21031031332
What is 4a7913 (base 12) in base 7?
13223316
Convert -1177cd (base 15) to base 2.
-11001011111101000001
What is -f31 (base 16) in base 7?
-14224
-31321124 (base 5) to base 2
-111111101010110101
1224423411 (base 5) to base 9
5522402
Convert -11101021122012 (base 3) to base 13.
-636914
Convert -110120101112211 (base 3) to base 11.
-3852a54
142143312 (base 5) to base 9
1347640
What is -1111010011101101 (base 2) in base 15?
-138a1
What is 20022301 (base 4) in base 6?
414521
Convert -65202443 (base 7) to base 6.
-315131222
Convert 101111100001011101 (base 2) to base 15.
3ca1d
Convert -6611 (base 16) to base 8.
-63021
What is -334243112 (base 5) in base 12?
-5b332b
Convert 2002120 (base 5) to base 9.
47228
Convert -235817 (base 16) to base 2.
-1000110101100000010111
Convert -78533 (base 11) to base 5.
-12120101
What is 341421 (base 10) in base 16?
535ad
What is -b48 (base 14) in base 16?
-8ac
Convert -1d8ac (base 15) to base 5.
-11041322
What is 3b59b (base 12) in base 11?
56716
Convert -51113544 (base 7) to base 16.
-40f086
What is -212303112 (base 5) in base 13?
-256ab1
What is 12253642 (base 8) in base 12?
aa7b42
-4152210 (base 6) to base 14
-53570
What is 327298 (base 10) in base 14?
873c6
-10c99b (base 14) to base 3
-1002002112101
Convert -131963 (base 10) to base 4.
-200031323
Convert 2c5161 (base 14) to base 11.
96a024
1142311 (base 6) to base 10
60163
-155032222 (base 6) to base 3
-20020112001012
Convert -18a1 (base 14) to base 13.
-2047
Convert 528c5 (base 14) to base 7.
1460035
84527 (base 10) to base 12
40abb
Convert 1502030 (base 6) to base 7.
505455
What is 12315243 (base 6) in base 11?
2528a4
What is -83776 (base 13) in base 14?
-621cb
Convert -202031333 (base 4) to base 12.
-6913b
What is 545330500 (base 6) in base 5?
10000403000
2022210320 (base 4) to base 14
10abd6
Convert -247a3 (base 13) to base 3.
-10102012212
Convert -2b883 (base 13) to base 6.
-1435032
a381 (base 15) to base 8
103362
Convert -200140142 (base 6) to base 15.
-4692be
Convert -45a135 (base 11) to base 6.
-23355410
What is -397376b (base 12) in base 8?
-53225603
-57131 (base 11) to base 5
-10121202
Convert -62245 (base 15) to base 5.
-34423030
331122323 (base 4) to base 10
251579
What is -c1c98 (base 16) in base 4?
-3001302120
What is -70460 (base 10) in base 14?
-1b96c
38b57 (base 15) to base 12
88bb4
Convert 5a6a7 (base 11) to base 3.
11102211111
14623a0 (base 12) to base 6
224030320
725905 (base 11) to base 5
244230023
Convert -161236 (base 10) to base 5.
-20124421
Convert 43107460 (base 8) to base 3.
122100000001221
What is 1b59d6 (base 15) in base 11?
8322a6
-c2c10 (base 14) to base 7
-3661620
Convert -240341443 (base 5) to base 4.
-10031333101
1a0452 (base 12) to base 9
765578
Convert 11011001101011010010 (base 2) to base 4.
3121223102
What is -3354877 (base 9) in base 15?
-25aa24
Convert -220212111201112 (base 3) to base 7.
-220226252
-1011111010010100100101 (base 2) to base 6
-150531513
Convert -198176 (base 10) to base 14.
-52316
Convert 11011111111101101111 (base 2) to base 5.
213323414
Convert -100101110110000001 (base 2) to base 12.
-75855
Convert -1232245 (base 7) to base 3.
-22002111101
What is -3b7b5a (base 12) in base 16?
-f14b6
Convert -57552c (base 13) to base 6.
-112155140
124b760 (base 12) to base 14
695156
What is 10165c (base 13) in base 6?
12010101
What is 10055601 (base 7) in base 5?
203300213
Convert 201310244 (base 5) to base 15.
10e169
What is -110111101010101100010 (base 2) in base 9?
-3380165
Convert 33044444 (base 5) to base 7.
2263036
Convert 26767745 (base 9) to base 2.
110010011001110101001100
-100211000110221 (base 3) to base 7
-62224000
What is 30113130122 (base 4) in base 7?
36361115
10111011001110001100 (base 2) to base 3
1102221221020
What is b577 (base 12) in base 4?
10311223
What is 14072705 (base 9) in base 12?
23b5a42
Convert -10202242 (base 5) to base 2.
-10100101011011001
Convert 45526 (base 7) to base 10.
11584
-211996 (base 13) to base 10
-774988
Convert -13a624 (base 12) to base 7.
-2540542
1263c51 (base 15) to base 5
11341213101
ffbf4 (base 16) to base 5
232010130
-10420043 (base 6) to base 7
-2444313
What is 8007504 (base 9) in base 12?
1513694
What is 2613632 (base 7) in base 3?
122021020102
Convert -65374 (base 12) to base 4.
-200213020
Convert 100110001101111001010 (base 2) to base 7.
13434005
What is 21004321 (base 5) in base 10?
172461
-12010331333 (base 4) to base 7
-16353641
What is 4111431 (base 5) in base 12?
3258b
138591 (base 10) to base 8
416537
-121123300 (base 6) to base 15
-305a13
Convert -111001101000110100101 (base 2) to base 13.
-51187b
What is 32612 (base 10) in base 12?
16a58
-2121221122 (base 3) to base 8
-145012
What is -265232 (base 15) in base 9?
-3413742
-143614211 (base 7) to base 3
-122220111101012
What is 1010111011000001001 (base 2) in base 8?
1273011
What is 42044603 (base 7) in base 2?
1101100000011100000111
What is 244142412 (base 5) in base 13?
319016
Convert -197818 (base 12) to base 9.
-753472
-2765555 (base 11) to base 6
-250051101
What is -68b22a (base 13) in base 2?
-1001011101101010010011
-22043 (base 11) to base 15
-972b
Convert -10000000100100100111100 (base 2) to base 16.
-40493c
5341235 (base 7) to base 12
273515
Convert -32310 (base 6) to base 3.
-20002020
-101101111000100010100 (base 2) to base 14
-2b1cd6
47071641 (base 8) to base 10
10253217
Convert -304245555 (base 6) to base 14.
-9a84d9
Convert -241000404 (base 5) to base 12.
-456087
-10268 (base 16) to base 2
-10000001001101000
Convert -a0353a (base 12) to base 3.
-11200201111101
-2441124 (base 6) to base 7
-1050424
What is -14113130141 (base 5) in base 6?
-1443530420
What is 2131223322 (base 4) in base 2?
10011101101011111010
1000000201 (base 4) to base 10
262177
Convert -11413413 (base 5) to base 8.
-321536
Convert 176482 (base 12) to base 10.
405026
145766 (base 10) to base 5
14131031
20242201 (base 6) to base 3
1002112010201
297360 (base 11) to base 13
13303b
45b345 (base 15) to base 4
30230213222
-57864 (base 13) to base 12
-78456
What is 75924 (base 13) in base 12?
a2b53
Convert 123906 (base 11) to base 16.
2fb5d
What is -1201510132 (base 6) in base 7?
-222644015
-11786235 (base 10) to base 2
-101100111101011111111011
-14122234 (base 6) to base 7
-4025665
Convert 240763 (base 9) to base 12.
6ba86
-100333313123 (base 4) to base 13
-c00236
What is 10210011121 (base 3) in base 13?
27b95
Convert -6c201c (base 13) to base 10.
-2574909
Convert 16357022 (base 8) to base 14.
70a0dc
-217394 (base 11) to base 2
-1010100100110011110
Conv